55701?
1
What is the hundred millions digit of 2448958921?
4
What is the tens digit of 144259788?
8
What is the units digit of 955586510?
0
What is the ten millions digit of 2129539013?
2
What is the hundreds digit of 72590683?
6
What is the hundred thousands digit of 77702611?
7
What is the millions digit of 1988353219?
8
What is the billions digit of 1019303410?
1
What is the units digit of 630213865?
5
What is the thousands digit of 236014688?
4
What is the units digit of 50111015?
5
What is the tens digit of 19423425?
2
What is the thousands digit of 21295402?
5
What is the millions digit of 110013765?
0
What is the hundred millions digit of 138031410?
1
What is the hundreds digit of 112687228?
2
What is the hundreds digit of 171594853?
8
What is the thousands digit of 5860961059?
1
What is the millions digit of 1312282861?
2
What is the billions digit of 2158020834?
2
What is the thousands digit of 144399887?
9
What is the ten thousands digit of 15285611?
8
What is the ten millions digit of 42066753?
4
What is the tens digit of 14040415?
1
What is the thousands digit of 145418343?
8
What is the thousands digit of 3445260178?
0
What is the units digit of 93382268?
8
What is the hundred thousands digit of 175508943?
5
What is the hundred millions digit of 768668634?
7
What is the billions digit of 6960638082?
6
What is the ten thousands digit of 102120761?
2
What is the ten thousands digit of 6501738786?
3
What is the ten thousands digit of 17579602?
7
What is the thousands digit of 40294426?
4
What is the ten thousands digit of 198452339?
5
What is the hundred millions digit of 1351450564?
3
What is the ten millions digit of 766478106?
6
What is the hundred thousands digit of 734461727?
4
What is the tens digit of 687419924?
2
What is the hundreds digit of 270992825?
8
What is the hundred millions digit of 268117108?
2
What is the millions digit of 1176256293?
6
What is the units digit of 189328578?
8
What is the hundred millions digit of 290806990?
2
What is the ten thousands digit of 1284616858?
1
What is the thousands digit of 59299681?
9
What is the ten millions digit of 43315590?
4
What is the hundred millions digit of 298867691?
2
What is the hundreds digit of 104885763?
7
What is the units digit of 88073279?
9
What is the millions digit of 365885828?
5
What is the hundred millions digit of 571589391?
5
What is the millions digit of 12192752?
2
What is the ten thousands digit of 134012090?
1
What is the tens digit of 33849266?
6
What is the ten thousands digit of 236742240?
4
What is the ten thousands digit of 65865642?
6
What is the hundred thousands digit of 428463383?
4
What is the millions digit of 19550859?
9
What is the tens digit of 472377802?
0
What is the ten millions digit of 689106957?
8
What is the billions digit of 1041057435?
1
What is the tens digit of 122009822?
2
What is the thousands digit of 85097706?
7
What is the millions digit of 307262636?
7
What is the ten millions digit of 85634818?
8
What is the thousands digit of 27250707?
0
What is the ten thousands digit of 2681805009?
0
What is the ten thousands digit of 84105903?
0
What is the hundreds digit of 365774116?
1
What is the ten thousands digit of 32134939?
3
What is the ten millions digit of 167194978?
6
What is the millions digit of 6044521582?
4
What is the thousands digit of 54670059?
0
What is the ten millions digit of 164692463?
6
What is the hundred thousands digit of 89517832?
5
What is the hundreds digit of 499928266?
2
What is the tens digit of 666742122?
2
What is the thousands digit of 115992284?
2
What is the units digit of 231565005?
5
What is the tens digit of 104616168?
6
What is the hundred thousands digit of 6092754876?
7
What is the hundred thousands digit of 1967112289?
1
What is the hundreds digit of 313659524?
5
What is the tens digit of 146347603?
0
What is the tens digit of 38381472?
7
What is the tens digit of 2120101523?
2
What is the tens digit of 144766554?
5
What is the ten thousands digit of 21985538?
8
What is the tens digit of 564197186?
8
What is the millions digit of 10024732?
0
What is the millions digit of 2364371897?
4
What is the units digit of 114525033?
3
What is the millions digit of 939421453?
9
What is the millions digit of 3269499343?
9
What is the thousands digit of 23826724?
6
What is the ten millions digit of 23731442?
2
What is the millions digit of 6065802?
6
What is the units digit of 84711258?
8
What is the ten millions digit of 122738196?
2
What is the millions digit of 138125181?
8
What is the hundreds digit of 19598941?
9
What is the millions digit of 19457761?
9
What is the hundreds digit of 153943277?
2
What is the ten thousands digit of 180190787?
9
What is the hundred thousands digit of 25166188?
1
What is the hundred millions digit of 737818184?
7
What is the tens digit of 878044966?
6
What is the thousands digit of 30601367?
1
What is the tens digit of 113227893?
9
What is the hundreds digit of 335514638?
6
What is the hundreds digit of 1140351251?
2
What is the ten thousands digit of 7574800174?
0
What is the thousands digit of 706884073?
4
What is the tens digit of 252242104?
0
What is the billions digit of 1075756668?
1
What is the units digit of 60727668?
8
What is the hundred thousands digit of 2590655676?
6
What is the millions digit of 234508089?
4
What is the tens digit of 79500364?
6
What is the thousands digit of 642594612?
4
What is the millions digit of 524839122?
4
What is the hundred thousands digit of 4842332160?
3
What is the ten thousands digit of 164367837?
6
What is the hundred millions digit of 110833659?
1
What is the hundred millions digit of 781865143?
7
What is the hundred thousands digit of 431636261?
6
What is the thousands digit of 1408217021?
7
What is the units digit of 2239789710?
0
What is the ten thousands digit of 1450998210?
9
What is the ten thousands digit of 320444067?
4
What is the hundred millions digit of 1967055055?
9
What is the thousands digit of 2108439073?
9
What is the ten millions digit of 52124240?
5
What is the hundred thousands digit of 33020379?
0
What is the units digit of 97389810?
0
What is the ten millions digit of 26342574?
2
What is the thousands digit of 54499997?
9
What is the ten millions digit of 262884869?
6
What is the ten millions digit of 35968658?
3
What is the units digit of 928063682?
2
What is the thousands digit of 1449759507?
9
What is the ten millions digit of 766430669?
6
What is the hundred thousands digit of 205184793?
1
What is the thousands digit of 188777333?
7
What is the hundred millions digit of 1720154371?
7
What is the hundred millions digit of 706909056?
7
What is the ten millions digit of 65069601?
6
What is the ten millions digit of 473198302?
7
What is the ten thousands digit of 648517822?
1
What is the hundred thousands digit of 3082704191?
7
What is the tens digit of 49844434?
3
What is the millions digit of 1108813207?
8
What is the thousands digit of 285934046?
4
What is the thousands digit of 69175747?
5
What is the hundred thousands digit of 42819583?
8
What is the thousands digit of 2491844369?
4
What is the units digit of 811648557?
7
What is the thousands digit of 1254288399?
8
What is the millions digit of 416318836?
6
What is the hundred thousands digit of 403725271?
7
What is the hundreds digit of 127097104?
1
What is the ten millions digit of 2471731871?
7
What is the tens digit of 600202003?
0
What is the ten millions digit of 266786830?
6
What is the ten millions digit of 28104768?
2
What is the tens digit of 866324594?
9
What is the hundred thousands digit of 48935691?
9
What is the hundreds digit of 4829961495?
4
What is the hundred millions digit of 3768773177?
7
What is the ten thousands digit of 219144692?
4
What is the tens digit of 45895806?
0
What is the millions digit of 192381555?
2
What is the ten thousands digit of 5503152543?
5
What is the hundreds digit of 34895053?
0
What is the thousands digit of 2044489885?
9
What is the tens digit of 180849613?
1
What is the millions digit of 2451129438?
1
What is the hundreds digit of 2414184543?
5
What is the tens digit of 26491639?
3
What is the hundred millions digit of 164798231?
1
What is the tens digit of 587241534?
3
What is the units d